e the prime factors of 2235?
3, 5, 149
List the prime factors of 948.
2, 3, 79
What are the prime factors of 161?
7, 23
What are the prime factors of 4085?
5, 19, 43
What are the prime factors of 42402?
2, 3, 37, 191
What are the prime factors of 6898?
2, 3449
List the prime factors of 17760.
2, 3, 5, 37
What are the prime factors of 1123?
1123
What are the prime factors of 3747?
3, 1249
List the prime factors of 152882.
2, 76441
List the prime factors of 47.
47
List the prime factors of 11034.
2, 3, 613
What are the prime factors of 1532?
2, 383
What are the prime factors of 962?
2, 13, 37
What are the prime factors of 923?
13, 71
What are the prime factors of 3438?
2, 3, 191
List the prime factors of 6151.
6151
What are the prime factors of 57920?
2, 5, 181
What are the prime factors of 1187?
1187
What are the prime factors of 639?
3, 71
What are the prime factors of 2248?
2, 281
List the prime factors of 2954.
2, 7, 211
List the prime factors of 11432.
2, 1429
What are the prime factors of 15947?
37, 431
What are the prime factors of 1197?
3, 7, 19
What are the prime factors of 1125?
3, 5
List the prime factors of 31257.
3, 23, 151
What are the prime factors of 3086?
2, 1543
What are the prime factors of 1295?
5, 7, 37
What are the prime factors of 890?
2, 5, 89
What are the prime factors of 308?
2, 7, 11
What are the prime factors of 2352?
2, 3, 7
List the prime factors of 25889.
25889
List the prime factors of 1039.
1039
What are the prime factors of 1606?
2, 11, 73
List the prime factors of 1764.
2, 3, 7
What are the prime factors of 19065?
3, 5, 31, 41
What are the prime factors of 314?
2, 157
What are the prime factors of 3884?
2, 971
List the prime factors of 6226.
2, 11, 283
What are the prime factors of 77382?
2, 3, 1433
What are the prime factors of 1099?
7, 157
What are the prime factors of 27323?
89, 307
List the prime factors of 148619.
331, 449
What are the prime factors of 999?
3, 37
What are the prime factors of 28678?
2, 13, 1103
What are the prime factors of 91477?
17, 5381
What are the prime factors of 24630?
2, 3, 5, 821
List the prime factors of 5281.
5281
List the prime factors of 1891.
31, 61
What are the prime factors of 32530?
2, 5, 3253
List the prime factors of 2286.
2, 3, 127
List the prime factors of 1610.
2, 5, 7, 23
List the prime factors of 11956.
2, 7, 61
What are the prime factors of 41409?
3, 43, 107
List the prime factors of 5611.
31, 181
List the prime factors of 64337.
7, 13, 101
List the prime factors of 66721.
66721
What are the prime factors of 31839?
3, 10613
What are the prime factors of 27839?
7, 41, 97
What are the prime factors of 9769?
9769
What are the prime factors of 9876?
2, 3, 823
List the prime factors of 404.
2, 101
List the prime factors of 420.
2, 3, 5, 7
List the prime factors of 2785.
5, 557
What are the prime factors of 2454?
2, 3, 409
List the prime factors of 11120.
2, 5, 139
What are the prime factors of 3101?
7, 443
List the prime factors of 37325.
5, 1493
What are the prime factors of 35529?
3, 13, 911
What are the prime factors of 10694?
2, 5347
List the prime factors of 100935.
3, 5, 2243
List the prime factors of 22270.
2, 5, 17, 131
What are the prime factors of 23172?
2, 3, 1931
List the prime factors of 1062.
2, 3, 59
What are the prime factors of 7924?
2, 7, 283
List the prime factors of 2734.
2, 1367
What are the prime factors of 9314?
2, 4657
List the prime factors of 3811.
37, 103
List the prime factors of 11327.
47, 241
List the prime factors of 13893.
3, 11, 421
List the prime factors of 30722.
2, 15361
What are the prime factors of 163?
163
List the prime factors of 21730.
2, 5, 41, 53
What are the prime factors of 3127?
53, 59
What are the prime factors of 53846?
2, 13, 19, 109
List the prime factors of 664.
2, 83
What are the prime factors of 437?
19, 23
What are the prime factors of 3418?
2, 1709
List the prime factors of 111525.
3, 5, 1487
List the prime factors of 1561.
7, 223
List the prime factors of 15308.
2, 43, 89
What are the prime factors of 848?
2, 53
What are the prime factors of 2584?
2, 17, 19
List the prime factors of 8338.
2, 11, 379
List the prime factors of 38603.
38603
List the prime factors of 52661.
7, 7523
List the prime factors of 6000.
2, 3, 5
List the prime factors of 42590.
2, 5, 4259
What are the prime factors of 56503?
56503
List the prime factors of 10670.
2, 5, 11, 97
List the prime factors of 939.
3, 313
List the prime factors of 70449.
3, 23, 1021
What are the prime factors of 2655?
3, 5, 59
List the prime factors of 141987.
3, 19, 47, 53
What are the prime factors of 721?
7, 103
What are the prime factors of 2547?
3, 283
List the prime factors of 9499.
7, 23, 59
List the prime factors of 8839.
8839
List the prime factors of 28479.
3, 11, 863
List the prime factors of 45806.
2, 37, 619
List the prime factors of 846.
2, 3, 47
List the prime factors of 3457.
3457
What are the prime factors of 11042?
2, 5521
What are the prime factors of 4365?
3, 5, 97
What are the prime factors of 4793?
4793
List the prime factors of 1161.
3, 43
What are the prime factors of 40?
2, 5
List the prime factors of 57.
3, 19
What are the prime factors of 4649?
4649
What are the prime factors of 244?
2, 61
What are the prime factors of 425?
5, 17
List the prime factors of 1517.
37, 41
List the prime factors of 2866.
2, 1433
List the prime factors of 2826.
2, 3, 157
What are the prime factors of 44862?
2, 3, 7477
List the prime factors of 19824.
2, 3, 7, 59
What are the prime factors of 351?
3, 13
List the prime factors of 6463.
23, 281
List the prime factors of 965.
5, 193
What are the prime factors of 4006?
2, 2003
What are the prime factors of 463?
463
List the prime factors of 3071.
37, 83
List the prime factors of 1620.
2, 3, 5
List the prime factors of 233.
233
List the prime factors of 593.
593
List the prime factors of 3103.
29, 107
What are the prime factors of 47899?
19, 2521
What are the prime factors of 87?
3, 29
What are the prime factors of 37844?
2, 9461
What are the prime factors of 261?
3, 29
List the prime factors of 11048.
2, 1381
List the prime factors of 165206.
2, 17, 43, 113
List the prime factors of 1463.
7, 11, 19
What are the prime factors of 1820?
2, 5, 7, 13
List the prime factors of 6040.
2, 5, 151
What are the prime factors of 79569?
3, 7, 421
List the prime factors of 2788.
2, 17, 41
What are the prime factors of 2094?
2, 3, 349
List the prime factors of 1267.
7, 181
List the prime factors of 43178.
2, 21589
List the prime factors of 1174.
2, 587
What are the prime factors of 9826?
2, 17
What are the prime factors of 669?
3, 223
What are the prime factors of 238?
2, 7, 17
List the prime factors of 1279.
1279
What are the prime factors of 18520?
2, 5, 463
What are the prime factors of 46333?
7, 6619
What are the prime factors of 8674?
2, 4337
What are the prime factors of 66294?
2, 3, 29, 127
List the prime factors of 52309.
17, 181
What are the prime factors of 145?
5, 29
What are the prime factors of 7864?
2, 983
What are the prime factors of 34018?
2, 73, 233
What are the prime factors of 18076?
2, 4519
List the prime factors of 1892.
2, 11, 43
List the prime factors of 14430.
2, 3, 5, 13, 37
List the prime factors of 20733.
3, 6911
What are the prime factors of 15636?
2, 3, 1303
List the prime factors of 142942.
2, 71471
List the prime factors of 9191.
7, 13, 101
What are the prime factors of 8664?
2, 3, 19
What are the prime factors of 3166?
2, 1583
What are the prime factors of 55564?
2, 29, 479
List the prime factors of 185.
5, 37
What are the prime factors of 8428?
2, 7, 43
List the prime factors of 2668.
2, 23, 29
What are the prime factors of 2235?
3, 5, 149
What are the prime factors of 1250?
2, 5
List the prime factors of 310.
2, 5, 31
List the prime factors of 31623.
3, 83, 127
List the prime factors of 51314.
2, 25657
What are the prime factors of 3632?
2, 227
List the prime factors of 11864.
2, 1483
What are the prime factors of 12208?
2, 7, 109
What are the prime factors of 16345?
5, 7, 467
List the prime factors of 622.
2, 311
List the prime factors of 45378.
2, 3, 2521
What are the prime factors of 208?
2, 13
What are the prime factors of 3010?
2, 5, 7, 43
List the prime factors of 178231.
178231
List the p